10110?
-1100111000101000
In base 6, what is -353220 - -104?
-353112
In base 13, what is -a5 + -3a9436?
-3a950b
In base 8, what is -2140455 - 56?
-2140533
In base 5, what is -24041011 + 22?
-24040434
In base 12, what is 10b6 + -155?
b61
In base 11, what is -1514 + 6a67?
5553
In base 14, what is -5257a0a + 1?
-5257a09
In base 13, what is -4a + -346b28b?
-346b308
In base 3, what is 11201100 - -120121212122?
120210120222
In base 11, what is -559065 - 4?
-559069
In base 14, what is 2c - -108c48?
108c76
In base 15, what is -76dda9 - 4?
-76ddad
In base 11, what is -2574a8a + 17?
-2574a73
In base 9, what is -2 - 162328434?
-162328436
In base 15, what is 2d597 - 12b9?
2c2cd
In base 3, what is -111001200101002 - -1?
-111001200101001
In base 7, what is 16 + -316410002?
-316406653
In base 6, what is -1 + -241404044?
-241404045
In base 6, what is 20 - -222145412?
222145432
In base 14, what is 97b14a8 + -1?
97b14a7
In base 3, what is -2 - -12002222021212101?
12002222021212022
In base 14, what is -2b8851 - 10?
-2b8861
In base 2, what is 11000000111000111101010100 - -100?
11000000111000111101011000
In base 12, what is 0 + -225961?
-225961
In base 2, what is -1001 - -101000011010100010110110?
101000011010100010101101
In base 4, what is 13230110030330 - 1?
13230110030323
In base 5, what is -1442102001 - 423?
-1442102424
In base 8, what is -5647070 - 4?
-5647074
In base 16, what is -a - -3fde6?
3fddc
In base 10, what is -85516 - -58?
-85458
In base 4, what is -23021 - 112333221?
-113022302
In base 7, what is -1230 - 3033206?
-3034436
In base 12, what is 356a91 + -2?
356a8b
In base 13, what is -9a26a59 + -1?
-9a26a5a
In base 10, what is 4134 + 72639?
76773
In base 16, what is -e - 2d0ef?
-2d0fd
In base 12, what is 9a0b9b35 - 5?
9a0b9b30
In base 12, what is -1280b - 6bba?
-19809
In base 6, what is 14303 + -5221?
5042
In base 7, what is -46461 + -3012?
-52503
In base 14, what is 15 - -b7a759?
b7a770
In base 2, what is -1110101010010110 - 10011110011?
-1110111110001001
In base 15, what is 1 + 266d5c6?
266d5c7
In base 7, what is -1206312 - 43?
-1206355
In base 4, what is -3121 + 1021033?
1011312
In base 13, what is -6a + 56596?
56529
In base 12, what is -1 + -39622b?
-396230
In base 6, what is -3002130 - -253?
-3001433
In base 5, what is -44232 - 31420?
-131202
In base 6, what is -2 + 22224445?
22224443
In base 6, what is 253 - -314255?
314552
In base 9, what is -4 - -21227571?
21227566
In base 14, what is 4d - -50707?
50756
In base 10, what is 1126727 + -198?
1126529
In base 9, what is -47213 - -15400?
-31713
In base 9, what is -64541 + -2177?
-66728
In base 15, what is 278327 + -76?
2782a1
In base 8, what is 11273170 + -20?
11273150
In base 12, what is 3 - -2112a84?
2112a87
In base 16, what is 86266 + 3?
86269
In base 8, what is 0 - -307614272?
307614272
In base 3, what is 10102221011 + 112110?
10110110121
In base 3, what is -121120021112 + 21002?
-121120000110
In base 16, what is -5e3 + 4e13?
4830
In base 9, what is -518106703 + 1?
-518106702
In base 9, what is -667788 - -1405?
-666383
In base 15, what is -6d2 - 18b70?
-19352
In base 15, what is -397923 - -23?
-397900
In base 8, what is 246315 - -434?
246751
In base 6, what is -11023125 - -14?
-11023111
In base 9, what is 3 - 6127445?
-6127442
In base 10, what is 7 - -17828?
17835
In base 5, what is -1304324 + 1304?
-1303020
In base 9, what is 51654 - -4516?
56271
In base 15, what is 2 + 6b1c076?
6b1c078
In base 13, what is 13 - b4bc5c?
-b4bc49
In base 14, what is -c3 - -13452?
1336d
In base 10, what is 4009 - 63900?
-59891
In base 12, what is -bb34 + 901?
-b233
In base 11, what is -6068429 - 34?
-6068462
In base 10, what is 104883346 + -4?
104883342
In base 8, what is 1414107 + -3?
1414104
In base 11, what is 4831 + -902a?
-42a9
In base 2, what is 101111 + -111100100011111110?
-111100100011001111
In base 16, what is -36d3866 + -2?
-36d3868
In base 13, what is -793 - 38608?
-3909b
In base 2, what is -1000011010001100101 - -10?
-1000011010001100011
In base 5, what is -343 - -14203033?
14202140
In base 16, what is -f9e3e41 + 2?
-f9e3e3f
In base 9, what is 2 + -4366730?
-4366727
In base 14, what is -ac5ca95 - 0?
-ac5ca95
In base 11, what is 44 - 236850?
-236807
In base 9, what is -275318 - -180?
-275128
In base 9, what is 253 - 540548?
-540285
In base 13, what is -1711 + -2a132?
-2b843
In base 8, what is 1035 - -145344?
146401
In base 11, what is -1547 + 27409?
25972
In base 6, what is 15223 + 3200?
22423
In base 12, what is -4b51 + -7a34?
-10985
In base 4, what is -22003220333 - 2?
-22003221001
In base 14, what is -a + 5b26dd?
5b26d3
In base 6, what is 1151 + -5555410?
-5554215
In base 11, what is -1021377 + 6?
-1021371
In base 13, what is -9 + -26813?
-2681c
In base 14, what is -896 + c50?
398
In base 8, what is -3774007 + -7?
-3774016
In base 2, what is 100110101000001001100001 - -1100010?
100110101000001011000011
In base 6, what is 140050 - 1?
140045
In base 10, what is -4 + 22039514?
22039510
In base 14, what is 13a30c4 - 24?
13a30a0
In base 14, what is -469a + -b38?
-53d4
In base 8, what is -270454 - 1243?
-271717
In base 5, what is 1033044 - 142?
1032402
In base 5, what is -1443 - -24111131?
24104133
In base 7, what is -211 + -61124?
-61335
In base 9, what is -441672135 + -2?
-441672137
In base 15, what is -1758552d - 1?
-1758552e
In base 2, what is 1000010000 - 10100100110010011100?
-10100100101010001100
In base 2, what is -11001 - 10000101101010111?
-10000101101110000
In base 12, what is -22b7 + -160?
-2457
In base 4, what is 321122010 + 3002?
321131012
In base 6, what is 1 + -53541441?
-53541440
In base 2, what is -1001000 + -10100100100111011111110?
-10100100100111101000110
In base 16, what is -428 + 1170?
d48
In base 6, what is -10212 - -331235?
321023
In base 2, what is 100110101 - -110110101000101?
110111001111010
In base 14, what is -132a807 - 76?
-132a87d
In base 12, what is 13b115 - -b4?
13b209
In base 10, what is -148673424 - 1?
-148673425
In base 2, what is 1001110001100111000 - 0?
1001110001100111000
In base 13, what is 3b22 + 3872c?
3c551
In base 14, what is 5 + -7cb9582?
-7cb957b
In base 5, what is -220032340 + 104?
-220032231
In base 14, what is 181 - 4167a?
-414d9
In base 16, what is -1d749 + -4ff?
-1dc48
In base 4, what is 10 + 13020311232?
13020311302
In base 10, what is 0 - -219363523?
219363523
In base 4, what is -2222 - -1002002331?
1002000103
In base 7, what is 55501 - -22245?
111046
In base 15, what is 1a368e4 - -5?
1a368e9
In base 10, what is -1959 - 4267?
-6226
In base 12, what is -4a - -279515?
279487
In base 5, what is -133443023 - 4?
-133443032
In base 14, what is 2cc9b84 + -1?
2cc9b83
In base 3, what is -21 + 21102002100020?
21102002022222
In base 4, what is -131322122 - 1101?
-131323223
In base 12, what is -169865 + -1?
-169866
In base 6, what is -103 - 2511025?
-2511132
In base 5, what is -3 - -24304341?
24304333
In base 8, what is -5745756250 + 3?
-5745756245
In base 13, what is 4 - 28881a4?
-28881a0
In base 13, what is -4 + -132acc5?
-132acc9
In base 8, what is -14 - -2475670?
2475654
In base 10, what is -248 + -528936?
-529184
In base 4, what is 233022122003 + -122?
233022121221
In base 5, what is 3230203122 + 10?
3230203132
In base 9, what is -20077310 - -1?
-20077308
In base 10, what is 152855 - 4?
152851
In base 10, what is 140599672 + -2?
140599670
In base 6, what is 1033523 - -510?
1034433
In base 9, what is 0 - 54270174?
-54270174
In base 9, what is -16 - -26531?
26514
In base 2, what is 1110101110 + -1000001101001000?
-111111110011010
In base 13, what is 10932 - -bcc1?
1c923
In base 7, what is 66 + -3100625?
-3100526
In base 10, what is -38 - -15021527?
15021489
In base 12, what is 4 - 6673269b?
-66732697
In base 9, what is -14400 + 1814?
-12475
In base 7, what is -110 + 3325314?
3325204
In base 7, what is -5512012034 - -3?
-5512012031
In base 7, what is -46 + -26000661?
-26001040
In base 12, what is -20504261 - 4?
-20504265
In base 4, what is -13020 - 30303003?
-30322023
In base 4, what is 1322120212021 - 203?
1322120211212
In base 12, what is -1 + 4163132?
4163131
In base 2, what is -1100110 + 11010111101?
11001010111
In base 6, what is 45045 - 510240?
-421151
In base 13, what is -57 + 69b9?
6962
In base 12, what is 2027a7373 - 4?
2027a736b
In base 8, what is -7